{"id":295,"date":"2024-01-26T20:21:15","date_gmt":"2024-01-26T19:21:15","guid":{"rendered":"https:\/\/stacjehydro.pl\/?page_id=295"},"modified":"2024-01-28T21:49:46","modified_gmt":"2024-01-28T20:49:46","slug":"produkt-nr-1","status":"publish","type":"page","link":"https:\/\/hydro-mont.eu\/index.php\/produkt-nr-1\/","title":{"rendered":"ROBOTY ZIEMNE I IN\u017bYNIERYJNE"},"content":{"rendered":"\t\t<div data-elementor-type=\"wp-page\" data-elementor-id=\"295\" class=\"elementor elementor-295\">\n\t\t\t\t\t\t\t<div class=\"elementor-element elementor-element-61cd3c8 e-flex e-con-boxed e-con e-parent\" data-id=\"61cd3c8\" data-element_type=\"container\" data-settings=\"{&quot;content_width&quot;:&quot;boxed&quot;}\" data-core-v316-plus=\"true\">\n\t\t\t\t\t<div class=\"e-con-inner\">\n\t\t\t\t<div class=\"elementor-element elementor-element-4a00f7f elementor-widget elementor-widget-text-editor\" data-id=\"4a00f7f\" data-element_type=\"widget\" data-widget_type=\"text-editor.default\">\n\t\t\t\t<div class=\"elementor-widget-container\">\n\t\t\t<style>\/*! elementor - v3.18.0 - 20-12-2023 *\/\n.elementor-widget-text-editor.elementor-drop-cap-view-stacked .elementor-drop-cap{background-color:#69727d;color:#fff}.elementor-widget-text-editor.elementor-drop-cap-view-framed .elementor-drop-cap{color:#69727d;border:3px solid;background-color:transparent}.elementor-widget-text-editor:not(.elementor-drop-cap-view-default) .elementor-drop-cap{margin-top:8px}.elementor-widget-text-editor:not(.elementor-drop-cap-view-default) .elementor-drop-cap-letter{width:1em;height:1em}.elementor-widget-text-editor .elementor-drop-cap{float:left;text-align:center;line-height:1;font-size:50px}.elementor-widget-text-editor .elementor-drop-cap-letter{display:inline-block}<\/style>\t\t\t\t<p class=\"Standard\" style=\"line-height: 150%;\"><span style=\"font-size: 11.0pt; line-height: 150%; font-family: 'Arial',sans-serif;\">Nasza firma wykonuje nast\u0119puj\u0105ce prace:<\/span><\/p><p class=\"Standard\" style=\"line-height: 150%;\"><span style=\"font-size: 11.0pt; line-height: 150%; font-family: 'Arial',sans-serif;\">&#8211; roboty in\u017cynieryjne,<\/span><\/p><p class=\"Standard\" style=\"line-height: 150%;\"><span style=\"font-size: 11.0pt; line-height: 150%; font-family: 'Arial',sans-serif;\">&#8211; budowa sieci wodoci\u0105gowych oraz kanalizacyjnych,<\/span><\/p><p class=\"Standard\" style=\"line-height: 150%;\"><span style=\"font-size: 11.0pt; line-height: 150%; font-family: 'Arial',sans-serif;\">&#8211; budowanie, wyposa\u017canie oraz bie\u017c\u0105ce utrzymanie przepompowni i t\u0142oczni \u015bciek\u00f3w,<\/span><\/p><p class=\"Standard\" style=\"line-height: 150%;\"><span style=\"font-size: 11.0pt; line-height: 150%; font-family: 'Arial',sans-serif;\">&#8211; przewierty sterowane, przeciski w rurach stalowych,<\/span><\/p><p class=\"Standard\" style=\"line-height: 150%;\"><span style=\"font-size: 11.0pt; line-height: 150%; font-family: 'Arial',sans-serif;\">&#8211; roboty ziemne typu: odhumusowywanie, wykonywanie dr\u00f3g gruntowych, odtwarzanie row\u00f3w,<\/span><\/p><p class=\"Standard\" style=\"line-height: 150%;\"><span style=\"font-size: 11.0pt; line-height: 150%; font-family: 'Arial',sans-serif;\">&#8211; roboty rozbi\u00f3rkowe,<\/span><\/p><p class=\"Standard\" style=\"line-height: 150%;\"><span style=\"font-size: 11.0pt; line-height: 150%; font-family: 'Arial',sans-serif;\">&#8211; modernizacja i konserwacja istniej\u0105cych sieci wod-kan.<\/span><\/p>\t\t\t\t\t\t<\/div>\n\t\t\t\t<\/div>\n\t\t\t\t\t<\/div>\n\t\t\t\t<\/div>\n\t\t\t\t\t\t\t<\/div>\n\t\t","protected":false},"excerpt":{"rendered":"<p>Nasza firma wykonuje nast\u0119puj\u0105ce prace: &#8211; roboty in\u017cynieryjne, &#8211; budowa sieci wodoci\u0105gowych oraz kanalizacyjnych, &#8211; budowanie, wyposa\u017canie oraz bie\u017c\u0105ce utrzymanie przepompowni i t\u0142oczni \u015bciek\u00f3w, &#8211; przewierty sterowane, przeciski w rurach&#8230;<\/p>\n","protected":false},"author":1,"featured_media":0,"parent":0,"menu_order":0,"comment_status":"closed","ping_status":"closed","template":"","meta":{"footnotes":""},"class_list":["post-295","page","type-page","status-publish","hentry"],"_links":{"self":[{"href":"https:\/\/hydro-mont.eu\/index.php\/wp-json\/wp\/v2\/pages\/295","targetHints":{"allow":["GET"]}}],"collection":[{"href":"https:\/\/hydro-mont.eu\/index.php\/wp-json\/wp\/v2\/pages"}],"about":[{"href":"https:\/\/hydro-mont.eu\/index.php\/wp-json\/wp\/v2\/types\/page"}],"author":[{"embeddable":true,"href":"https:\/\/hydro-mont.eu\/index.php\/wp-json\/wp\/v2\/users\/1"}],"replies":[{"embeddable":true,"href":"https:\/\/hydro-mont.eu\/index.php\/wp-json\/wp\/v2\/comments?post=295"}],"version-history":[{"count":9,"href":"https:\/\/hydro-mont.eu\/index.php\/wp-json\/wp\/v2\/pages\/295\/revisions"}],"predecessor-version":[{"id":464,"href":"https:\/\/hydro-mont.eu\/index.php\/wp-json\/wp\/v2\/pages\/295\/revisions\/464"}],"wp:attachment":[{"href":"https:\/\/hydro-mont.eu\/index.php\/wp-json\/wp\/v2\/media?parent=295"}],"curies":[{"name":"wp","href":"https:\/\/api.w.org\/{rel}","templated":true}]}}